{"id":80,"date":"2018-04-27T12:54:20","date_gmt":"2018-04-27T10:54:20","guid":{"rendered":"http:\/\/caribic-gastronomie.at\/?page_id=80"},"modified":"2020-02-23T17:50:09","modified_gmt":"2020-02-23T16:50:09","slug":"discothek","status":"publish","type":"page","link":"https:\/\/caribic-gastronomie.at\/?page_id=80","title":{"rendered":"Discothek"},"content":{"rendered":"<h3 style=\"text-align: center;\">Infos zu Veranstaltungen finden Sie\u00a0auf unserer Facebook Seite<\/h3>\n<p style=\"text-align: center;\"><strong>\u00d6ffnungszeiten Discothek<br \/>\n<\/strong><br \/>\nVon September &#8211;\u00a0Mai<br \/>\nSommermonate geschlossen<\/p>\n<p>&nbsp;<\/p>\n<h3 style=\"text-align: center;\"><span style=\"color: #ff0000;\"><strong>Miete mich !!<\/strong><\/span><\/h3>\n<p style=\"text-align: center;\"><strong>F\u00fcr private Feiern oder Veranstaltungen <\/strong><strong>k\u00f6nnen die R\u00e4umlichkeiten der Discothek auf Anfrage gerne angemietet werden.<\/strong><\/p>\n<p>&nbsp;<\/p>\n","protected":false},"excerpt":{"rendered":"<p>Infos zu Veranstaltungen finden Sie\u00a0auf unserer Facebook Seite \u00d6ffnungszeiten Discothek Von September &#8211;\u00a0Mai Sommermonate geschlossen &nbsp; Miete mich !! F\u00fcr private Feiern oder Veranstaltungen k\u00f6nnen die R\u00e4umlichkeiten der Discothek auf Anfrage gerne angemietet werden. &nbsp;<\/p>\n","protected":false},"author":2,"featured_media":0,"parent":0,"menu_order":0,"comment_status":"closed","ping_status":"closed","template":"","meta":[],"_links":{"self":[{"href":"https:\/\/caribic-gastronomie.at\/index.php?rest_route=\/wp\/v2\/pages\/80"}],"collection":[{"href":"https:\/\/caribic-gastronomie.at\/index.php?rest_route=\/wp\/v2\/pages"}],"about":[{"href":"https:\/\/caribic-gastronomie.at\/index.php?rest_route=\/wp\/v2\/types\/page"}],"author":[{"embeddable":true,"href":"https:\/\/caribic-gastronomie.at\/index.php?rest_route=\/wp\/v2\/users\/2"}],"replies":[{"embeddable":true,"href":"https:\/\/caribic-gastronomie.at\/index.php?rest_route=%2Fwp%2Fv2%2Fcomments&post=80"}],"version-history":[{"count":12,"href":"https:\/\/caribic-gastronomie.at\/index.php?rest_route=\/wp\/v2\/pages\/80\/revisions"}],"predecessor-version":[{"id":285,"href":"https:\/\/caribic-gastronomie.at\/index.php?rest_route=\/wp\/v2\/pages\/80\/revisions\/285"}],"wp:attachment":[{"href":"https:\/\/caribic-gastronomie.at\/index.php?rest_route=%2Fwp%2Fv2%2Fmedia&parent=80"}],"curies":[{"name":"wp","href":"https:\/\/api.w.org\/{rel}","templated":true}]}}

<h3 style="text-align: center;">Infos zu Veranstaltungen finden Sie auf unserer Facebook Seite</h3>
<p style="text-align: center;"><strong>Öffnungszeiten Discothek<br />
</strong><br />
Von September &#8211; Mai<br />
Sommermonate geschlossen</p>
<p>&nbsp;</p>
<h3 style="text-align: center;"><span style="color: #ff0000;"><strong>Miete mich !!</strong></span></h3>
<p style="text-align: center;"><strong>Für private Feiern oder Veranstaltungen </strong><strong>können die Räumlichkeiten der Discothek auf Anfrage gerne angemietet werden.</strong></p>
<p>&nbsp;</p>

<p>Infos zu Veranstaltungen finden Sie auf unserer Facebook Seite Öffnungszeiten Discothek Von September &#8211; Mai Sommermonate geschlossen &nbsp; Miete mich !! Für private Feiern oder Veranstaltungen können die Räumlichkeiten der Discothek auf Anfrage gerne angemietet werden. &nbsp;</p>
