{"id":62,"date":"2018-04-27T11:38:15","date_gmt":"2018-04-27T09:38:15","guid":{"rendered":"http:\/\/caribic-gastronomie.at\/?page_id=62"},"modified":"2022-01-09T20:10:16","modified_gmt":"2022-01-09T19:10:16","slug":"cafe","status":"publish","type":"page","link":"https:\/\/caribic-gastronomie.at\/?page_id=62","title":{"rendered":"Cafe \/ Bar"},"content":{"rendered":"<div class=\"entry-content\">\n<h3 style=\"text-align: center;\">Lassen Sie sich von\u00a0einer gro\u00dfen Auswahl<\/h3>\n<h3 style=\"text-align: center;\">an &#8222;Sch\u00e4rf&#8220; Kaffee &#8211;<\/h3>\n<h3 style=\"text-align: center;\">und\u00a0ausgew\u00e4hlten Getr\u00e4nkespezialit\u00e4ten verw\u00f6hnen.<\/h3>\n<h3 style=\"text-align: center;\"><a href=\"http:\/\/caribic-gastronomie.at\/wp-content\/uploads\/cafe.pdf\">Getr\u00e4nkekarte<\/a><\/h3>\n<h4 style=\"text-align: center;\"><strong>TEL.: + 43 2172 \/ 3380<\/strong><\/h4>\n<p>&nbsp;<\/p>\n<p style=\"text-align: center;\"><strong>\u00d6ffnungszeiten Cafe<br \/>\n<\/strong>Sonntag &#8211; Donnerstag: 8 &#8211; 1 Uhr<br \/>\nFreitag: 8 &#8211; 2 Uhr<br \/>\nSamstag: 8 &#8211; 4 Uh<\/p>\n<\/div>\n<h3 style=\"text-align: center;\"><strong><em>Virtueller Rundgang<\/em><\/strong><\/h3>\n<h4 style=\"text-align: center;\"><a href=\"https:\/\/goo.gl\/maps\/8uGHbEJdEqA2\">Caf\u00e9 vorne<\/a><\/h4>\n<h4 style=\"text-align: center;\"><a href=\"https:\/\/goo.gl\/maps\/9AKZAXatxV52\">Caf\u00e9 hinten<\/a><\/h4>\n<p>&nbsp;<\/p>\n","protected":false},"excerpt":{"rendered":"<p>Lassen Sie sich von\u00a0einer gro\u00dfen Auswahl an &#8222;Sch\u00e4rf&#8220; Kaffee &#8211; und\u00a0ausgew\u00e4hlten Getr\u00e4nkespezialit\u00e4ten verw\u00f6hnen. Getr\u00e4nkekarte TEL.: + 43 2172 \/ 3380 &nbsp; \u00d6ffnungszeiten Cafe Sonntag &#8211; Donnerstag: 8 &#8211; 1 Uhr Freitag: 8 &#8211; 2 Uhr Samstag: 8 &#8211; 4 Uh Virtueller Rundgang Caf\u00e9 vorne Caf\u00e9 hinten &nbsp;<\/p>\n","protected":false},"author":2,"featured_media":0,"parent":0,"menu_order":0,"comment_status":"closed","ping_status":"closed","template":"","meta":[],"_links":{"self":[{"href":"https:\/\/caribic-gastronomie.at\/index.php?rest_route=\/wp\/v2\/pages\/62"}],"collection":[{"href":"https:\/\/caribic-gastronomie.at\/index.php?rest_route=\/wp\/v2\/pages"}],"about":[{"href":"https:\/\/caribic-gastronomie.at\/index.php?rest_route=\/wp\/v2\/types\/page"}],"author":[{"embeddable":true,"href":"https:\/\/caribic-gastronomie.at\/index.php?rest_route=\/wp\/v2\/users\/2"}],"replies":[{"embeddable":true,"href":"https:\/\/caribic-gastronomie.at\/index.php?rest_route=%2Fwp%2Fv2%2Fcomments&post=62"}],"version-history":[{"count":32,"href":"https:\/\/caribic-gastronomie.at\/index.php?rest_route=\/wp\/v2\/pages\/62\/revisions"}],"predecessor-version":[{"id":291,"href":"https:\/\/caribic-gastronomie.at\/index.php?rest_route=\/wp\/v2\/pages\/62\/revisions\/291"}],"wp:attachment":[{"href":"https:\/\/caribic-gastronomie.at\/index.php?rest_route=%2Fwp%2Fv2%2Fmedia&parent=62"}],"curies":[{"name":"wp","href":"https:\/\/api.w.org\/{rel}","templated":true}]}}

<div class="entry-content">
<h3 style="text-align: center;">Lassen Sie sich von einer großen Auswahl</h3>
<h3 style="text-align: center;">an &#8222;Schärf&#8220; Kaffee &#8211;</h3>
<h3 style="text-align: center;">und ausgewählten Getränkespezialitäten verwöhnen.</h3>
<h3 style="text-align: center;"><a href="http://caribic-gastronomie.at/wp-content/uploads/cafe.pdf">Getränkekarte</a></h3>
<h4 style="text-align: center;"><strong>TEL.: + 43 2172 / 3380</strong></h4>
<p>&nbsp;</p>
<p style="text-align: center;"><strong>Öffnungszeiten Cafe<br />
</strong>Sonntag &#8211; Donnerstag: 8 &#8211; 1 Uhr<br />
Freitag: 8 &#8211; 2 Uhr<br />
Samstag: 8 &#8211; 4 Uh</p>
</div>
<h3 style="text-align: center;"><strong><em>Virtueller Rundgang</em></strong></h3>
<h4 style="text-align: center;"><a href="https://goo.gl/maps/8uGHbEJdEqA2">Café vorne</a></h4>
<h4 style="text-align: center;"><a href="https://goo.gl/maps/9AKZAXatxV52">Café hinten</a></h4>
<p>&nbsp;</p>

<p>Lassen Sie sich von einer großen Auswahl an &#8222;Schärf&#8220; Kaffee &#8211; und ausgewählten Getränkespezialitäten verwöhnen. Getränkekarte TEL.: + 43 2172 / 3380 &nbsp; Öffnungszeiten Cafe Sonntag &#8211; Donnerstag: 8 &#8211; 1 Uhr Freitag: 8 &#8211; 2 Uhr Samstag: 8 &#8211; 4 Uh Virtueller Rundgang Café vorne Café hinten &nbsp;</p>
